2*n - 758. What is the highest common divisor of 38 and o?
38
Suppose 488*z = 479*z + 1377. What is the greatest common factor of 68 and z?
17
Let p be 0 - 6/(-10) - (-14)/10. Let u be (-105)/(4/((-8)/p)). Calculate the greatest common divisor of u and 42.
21
Let p(j) = -4*j - 3. Let r be p(-3). Let d be 5/(-6) + 220/120. What is the greatest common divisor of d and r?
1
Let s be (-6)/3 + 0/(-3). Let h be (49 + -3 - s)/1. Suppose 4*g = -2*g + h. Calculate the highest common divisor of g and 64.
8
Let k be (-169 - 1)/((-85)/34). Calculate the highest common factor of k and 85.
17
Let t be (-2 - 0)*(-34)/4. Suppose 17 + 7 = 8*s. Suppose -n = -4*x - 167, -n = s*n + 2*x - 758. Calculate the greatest common factor of t and n.
17
Suppose 20*t = 21*t + 5. Let r be 228/14 + (t - (-99)/21). Let h = 5 + 11. Calculate the greatest common factor of h and r.
16
Let j be (-19617)/(-234) + 2/12. Calculate the greatest common divisor of j and 48.
12
Suppose -u + f = -3, 4*f + 6 = u - 3. Suppose 0*z + 3 = z. Suppose 4*p - 1 = -z*l - 6, l - 3*p - 7 = 0. What is the highest common divisor of u and l?
1
Let q(a) = -64*a + 16. Let o be q(-2). Calculate the highest common divisor of 8 and o.
8
Suppose 2*i + 319 = 5*o, 0*o - 251 = -4*o + 3*i. What is the highest common divisor of 26 and o?
13
Let m(c) = 0 + 7 + 2*c**2 - 3*c**2 - 9*c + 3*c**2. Let o be m(6). What is the highest common factor of o and 10?
5
Let y(t) = t**3 - t - 4. Let x be y(3). Suppose -7*c + x = -3*c. Let r be (-6)/c*(-240)/9. What is the greatest common divisor of 256 and r?
32
Let d(h) = -h**2 + 5*h - 4. Let z be d(3). Let l = 8 - z. What is the greatest common divisor of l and 3?
3
Let o = -81 + 414. Let z be -2*(-37)/(-2)*-1. Calculate the highest common factor of z and o.
37
Suppose -4*x = 4*o - 508, -x - 24 = 5*o - 671. Suppose -21 = -3*s - 3*w + 6*w, -3*w = -5*s + 41. What is the greatest common divisor of s and o?
10
Let h = 135 - 55. What is the highest common factor of 680 and h?
40
Let p(g) = -3*g - 4. Let i be p(-3). Suppose i*u - 240 = 40. Suppose 2*h = -2*a - 3*h + u, a = 2*h + 10. Calculate the highest common divisor of 9 and a.
9
Suppose 2*z = 8*z + 18. Let n(g) = 13*g - 8. Let y(f) = 1. Let c(k) = -n(k) - 2*y(k). Let b be c(z). What is the greatest common factor of 18 and b?
9
Let v(y) = 5*y + 5*y - 11*y + 132 + y**3 - y**2. Let i be v(0). What is the greatest common factor of 12 and i?
12
Let a(o) = 7*o**2 - 4*o + 1. Let k be a(1). Suppose 298 = k*s + 2*p, 2*s + p + 313 = 6*s. What is the highest common divisor of s and 7?
7
Let o = -198 + 202. Let u = 3 - 2. What is the greatest common divisor of o and u?
1
Suppose 9 = p + 2*o - 14, 3*p + o = 49. Suppose -14*h - 10 = -16*h. What is the greatest common divisor of h and p?
5
Let x be (-15 + -3)*6/(-27)*3. Let r be (-46)/(-8) - 9/(-36). Calculate the greatest common divisor of r and x.
6
Suppose 2*q = 5*j + 347, -5*q - 3*j = -1106 + 254. What is the highest common factor of 99 and q?
9
Suppose -3*q + 1873 = 5*o - 2*q, 1490 = 4*o - 2*q. Calculate the greatest common divisor of o and 11.
11
Suppose 32*f - 1240 = f. Calculate the highest common divisor of f and 128.
8
Let c = 55 + 27. Suppose -c = -f - 5*k, 0 = 2*f - 4*k - 180 + 30. Let g be 1/(-1) + (-9)/27*-24. What is the highest common divisor of f and g?
7
Let y = -18 + 24. Suppose 680 = -y*h + 11*h. Calculate the highest common divisor of 17 and h.
17
Let b = 35 + -56. Let n = b - -22. Let u be (-1 - -2) + 8 + -2. Calculate the highest common factor of u and n.
1
Suppose -a + 71 = -17. Let s(j) = -j**3 - 5*j**2 - 14. Let u be (-22 + 18)*(-3)/(-2). Let n be s(u). Calculate the greatest common divisor of a and n.
22
Let u be (0 - -752) + (-2 - -3). Suppose -u = -4*f + 303. Calculate the highest common factor of 24 and f.
24
Let l(k) = -2*k**3 - 5*k**2 + 4*k + 4. Let j be l(-4). Suppose 4*q + 0*q = 4. Let t = j - q. What is the highest common factor of 7 and t?
7
Let r(g) be the second derivative of -g**4/12 + g**3 + 2*g**2 + 11*g. Let x be r(5). Calculate the highest common factor of 18 and x.
9
Let v be ((-212)/6)/(22/(-33)) + -5. Let r = 0 - -5. Let f(a) = 3*a**2 - 3. Let s be f(r). What is the greatest common divisor of v and s?
24
Suppose -3*m - 6 = -5*r + 3, 0 = 3*m + 3*r - 15. Suppose m*h + 6 - 14 = 0. What is the greatest common factor of 4 and h?
4
Let f(p) be the third derivative of 11*p**2 - 1/12*p**4 + 0*p - 8/3*p**3 + 0. Let r be f(-9). Calculate the highest common factor of r and 18.
2
Let y = -927 - -1726. What is the greatest common divisor of 141 and y?
47
Suppose 65*b + 24 = 71*b. Let f(k) = -k**2 + 6*k + 3. Let w be f(5). Suppose -4*g = -2*g - w. What is the highest common divisor of g and b?
4
Suppose -9*b - 952 = -b. Let r = 122 + b. Calculate the greatest common factor of 24 and r.
3
Let f = -472 - -550. Let j = 35 + -9. Calculate the highest common divisor of f and j.
26
Let r = -30 + 54. Suppose -3*d + 4 + 8 = 0. Suppose -d*n + 17 = -7. Calculate the greatest common divisor of r and n.
6
Suppose 35 = 3*u + 2*u + 2*r, 4*u - 5 = 3*r. Suppose -100 = -u*v + 3*v. What is the greatest common divisor of v and 20?
10
Let l be 6*20/12*8. Suppose -3*z = 0, -6*i - z = -4*i - 32. Calculate the highest common divisor of l and i.
16
Let f be 56/(-10)*(-50)/4. Suppose 0 = -2*o + 3*m + 21 + 23, -3*o - m = -88. Calculate the greatest common factor of f and o.
14
Suppose -7*j = -2*j - 315. Let r = 15 - 11. Suppose -5*t + 3*q + 29 = 0, 3*t - 7 = -r*q + 22. Calculate the greatest common divisor of j and t.
7
Suppose -2*q + 5*v + 124 = 30, v - 26 = -q. Let w = -8 + 16. What is the highest common divisor of q and w?
8
Let s(o) = 5*o**2 - 20*o + 40. Let u be s(2). What is the greatest common divisor of u and 2020?
20
Suppose -o = -6*o + 325. Let r = 97 - o. What is the greatest common divisor of r and 224?
32
Suppose -46 = 5*z + 164. Let w = z + 62. What is the greatest common factor of w and 40?
20
Let v be ((-22)/44)/(2/(-1008)). What is the highest common factor of v and 180?
36
Let b(g) = g**2 + 2*g - 1. Let d = -24 + 21. Let y be b(d). Let n be (2 + y)/((-10)/(-90)). Calculate the highest common factor of n and 9.
9
Let w be 57/(-76) - (-3)/4. Suppose w = -2*l - 3*h + 32, -l + 18 = -h + 3*h. What is the greatest common factor of l and 20?
10
Suppose 4*b = -2*x + 7 + 17, 5*b - 4*x - 17 = 0. Suppose -c - d + 2*d + 39 = 0, -c - b*d = -21. What is the greatest common divisor of 27 and c?
9
Let q(n) = 48*n**2 - 14*n + 14. Let g be q(1). Calculate the highest common factor of g and 3.
3
Let h(j) = -j**3 - 6*j**2 - 2*j + 22. Let s be h(-5). Calculate the highest common divisor of 315 and s.
7
Let r = -597 + 1101. Suppose -1416 = -8*i - r. Calculate the highest common factor of i and 19.
19
Let l = 89 + -76. Suppose l*p = 10*p + 156. What is the greatest common factor of p and 39?
13
Suppose -4*j - 99 = -j. Let o = -42 - 15. Let v = j - o. Calculate the greatest common factor of 8 and v.
8
Let v be (10/(-8))/(3/(-12) - 0). What is the greatest common factor of v and 115?
5
Let f(y) be the first derivative of y**3/3 + 2*y**2 - 3*y + 2. Let l be f(-7). Calculate the greatest common factor of l and 27.
9
Let s(x) = -x**2 - 11*x - 8. Let u be s(-9). Let q = 2432 + -2382. What is the highest common factor of u and q?
10
Let l(q) = 4*q**2 + 13*q. Let f be (-122)/14 + 18/(-63). Let m be l(f). Calculate the greatest common factor of m and 23.
23
Let u(a) = a**3 + 5. Let s be u(0). Suppose 56 = s*l + 6. What is the highest common divisor of l and 30?
10
Let b(a) = -3*a - 3*a**3 + 9*a**2 - 2*a**2 - 7 + 4*a**3. Let s be b(-7). Let c = 16 + -9. Calculate the greatest common factor of s and c.
7
Suppose -4*a + 22 = 4*g - 2*a, 4*a = -5*g + 32. Suppose -g = -3*k + k. What is the highest common divisor of 16 and k?
2
Let w(k) = -3*k**2 - 14*k + 26. Let s be w(-5). What is the highest common factor of s and 3?
3
Suppose h = 4*b - 2 + 5, 3 = -5*b + h. Let l be (-4 + (2 - b))*-4. Let o = 23 + 9. What is the greatest common divisor of o and l?
8
Suppose 4 = 4*o + m, 1 = o + m - 5*m. Let x be -2 + o + (4 - -7). What is the greatest common divisor of x and 110?
10
Let n = 678 - 393. Suppose 3*l - n = 639. Calculate the highest common factor of l and 28.
28
Let s(c) = -c**2 + 8*c + 3. Let j = -16 - -23